650. Give f(34).
16
Let d(q) = 539*q + 22332. Give d(-42).
-306
Let h(m) = m**3 - 878*m**2 + 5228*m + 3491. Determine h(872).
3
Let o(r) = 5*r**3 - 727*r**2 + 2460*r - 314677. What is o(145)?
-27
Let v(c) = -2661*c**2 + 13332*c - 124. Give v(5).
11
Let s(m) = 5*m**2 - 47976*m + 47978. Give s(1).
7
Let w(d) = d**3 + 22*d**2 + 204*d + 1277. Determine w(-14).
-11
Let a(n) = -8060*n - 8172828. What is a(-1014)?
12
Let i(r) = -r**3 + 76*r**2 - 1249*r - 39. What is i(52)?
-91
Let t(l) = -23100*l - 484841. What is t(-21)?
259
Let b(j) = -7161*j + 1625544. Calculate b(227).
-3
Let s(j) = 2214*j - 16910. Calculate s(8).
802
Let d(l) = 18871*l + 16738587. Calculate d(-887).
10
Let u(s) = -s**2 + 1886968*s - 20756529. Give u(11).
-2
Let h(d) = -d**3 - 32*d**2 + 239*d + 371. Calculate h(-38).
-47
Let v(b) = -334*b**2 - 531*b - 198. What is v(-1)?
-1
Let g(l) = -374*l + 508. Give g(5).
-1362
Let x(z) = -160*z - 33655. Determine x(-212).
265
Let h(g) = -7524*g - 316010. Determine h(-42).
-2
Let v(f) = 1906*f + 30953. Give v(-16).
457
Let x(z) = 4*z**3 - 7*z**2 - 5000*z + 9999. Calculate x(2).
3
Let r(h) = -h**3 - 217*h**2 - 3404*h - 55. Give r(-17).
13
Let z(b) = 2*b**2 - 696*b + 8260. What is z(12)?
196
Let x(v) = -247*v**2 - 15556*v + 319. Give x(-63).
4
Let q(i) = 640331*i + 640311. Give q(-1).
-20
Let i(u) = 7*u**2 - 170*u - 4113. Calculate i(-15).
12
Let c(h) = 104*h**2 + 1523*h - 6273. Calculate c(-18).
9
Let i(r) = r**2 + 1652*r - 19908. Give i(12).
60
Let k(f) = f**3 + 4*f**2 - 74*f - 98. Give k(-6).
274
Let p(l) = -2594*l + 54575. What is p(21)?
101
Let u(x) = -x**3 + 2*x**2 + 283*x + 2173. What is u(-8)?
549
Let n(g) = -237*g + 5540. What is n(24)?
-148
Let r(p) = -p**3 + 66*p**2 - 74*p - 3455. Determine r(64).
1
Let k(r) = 10938*r + 65745. What is k(-6)?
117
Let l(t) = 13*t**2 + 620*t + 971. Calculate l(-46).
-41
Let a(t) = 99*t + 13381. Calculate a(-136).
-83
Let k(v) = 351*v - 11167. Give k(32).
65
Let a(d) = 377*d**3 - 3771*d**2 + 15*d - 39. Give a(10).
11
Let m(y) = -y**2 - 3634*y - 1489854. Determine m(-471).
-81
Let m(g) = -7*g**3 - 21*g**2 - 50*g - 198. What is m(-5)?
402
Let x(s) = 2*s**2 + 480*s - 6934. Give x(14).
178
Let i(z) = -z**2 + 10*z - 392. Calculate i(14).
-448
Let p(n) = -343908*n + 3095144. Give p(9).
-28
Let g(l) = -l**3 - 235*l**2 + 2206*l - 87. Give g(9).
3
Let d(l) = 42530*l - 595389. What is d(14)?
31
Let x(r) = r**2 - 157*r - 22412. Give x(-72).
-5924
Let d(l) = 16286*l - 146732. Give d(9).
-158
Let k(t) = t**2 + 2194*t + 922469. Give k(-567).
-40
Let y(v) = v**2 - 126*v - 37. What is y(-3)?
350
Let a(g) = -9*g**3 - 37*g**2 - g - 98. Determine a(-6).
520
Let s(k) = k**3 - 38*k**2 + 147*k - 182. What is s(31)?
-2352
Let l(n) = 50775*n + 203110. Calculate l(-4).
10
Let p(j) = j**2 + 196*j - 11924. What is p(-245)?
81
Let x(i) = 342*i**2 - 1363*i - 29. Give x(4).
-9
Let n(f) = 121205*f - 7757122. Give n(64).
-2
Let k(f) = -f**3 - 12*f**2 - 29*f + 29. Give k(-9).
47
Let n(i) = 19*i**2 + 120*i - 3599. What is n(11)?
20
Let z(b) = b**3 + 59*b**2 - 1137*b - 926. Calculate z(16).
82
Let f(c) = -23962*c + 263394. Give f(11).
-188
Let n(b) = b**3 + 7*b**2 - 118*b - 712. Determine n(-12).
-16
Let f(h) = 4*h**2 + 275*h + 5147. Calculate f(-31).
466
Let m(r) = -r**3 - 13*r**2 + 1150*r - 11. Calculate m(-41).
-93
Let m(x) = 137*x - 578. Determine m(5).
107
Let d(s) = 76*s + 15340. Determine d(-200).
140
Let g(k) = -24*k**2 + 92*k + 623. Calculate g(-7).
-1197
Let a(t) = 74*t - 22494. What is a(308)?
298
Let t(n) = 21007*n + 2184725. Give t(-104).
-3
Let h(a) = 8703*a - 4569077. What is h(525)?
-2
Let j(p) = -p**2 - 11*p + 1440. Give j(32).
64
Let m(x) = -5*x**2 - 627*x + 64756. Calculate m(-193).
-478
Let m(t) = 28*t**2 - 70*t - 355. Calculate m(-6).
1073
Let o(r) = 340910*r + 3068124. Determine o(-9).
-66
Let w(t) = -588*t**2 - 4197*t - 483. Give w(-7).
84
Let t(a) = -a**3 - 112*a**2 - 1510*a + 29. Give t(-18).
-3247
Let f(g) = 28*g**2 + 13073*g + 117664. Calculate f(-9).
2275
Let i(r) = r**3 + 281*r**2 + 568*r + 2770. Calculate i(-279).
-20
Let h(v) = -v**3 - 69*v**2 - 1890*v - 105938. Calculate h(-65).
12
Let d(x) = -5*x**3 - 74*x**2 - 375*x - 5903. What is d(-15)?
-53
Let i(u) = -71*u - 1244. Calculate i(-23).
389
Let r(k) = -27*k**2 + 8074*k - 363. Determine r(299).
-64
Let s(o) = -11*o**3 - 222*o**2 - 63*o - 463. Determine s(-20).
-3
Let i(y) = 61*y**2 - 292*y + 384. Determine i(3).
57
Let m(i) = -i**3 - 1673*i**2 - 3331*i + 3. Determine m(-2).
-19
Let i(x) = 1647*x - 232208. Determine i(141).
19
Let g(h) = -8692*h - 286487. What is g(-33)?
349
Let i(y) = 1100721*y - 3302157. Calculate i(3).
6
Let a(c) = -123*c**2 + 1131*c + 3. Give a(9).
219
Let g(p) = -20*p**3 + 140*p**2 + 425*p - 2990. What is g(7)?
-15
Let x(q) = q**3 - 59*q**2 + 111*q + 513. Determine x(57).
342
Let g(z) = 2444850*z - 17113940. Determine g(7).
10
Let j(b) = 2*b**2 - 444*b + 16946. Calculate j(177).
1016
Let j(w) = -382*w**3 - 299*w**2 + 83*w - 2. Calculate j(-1).
-2
Let s(x) = -16475*x + 5898050. What is s(358)?
0
Let u(w) = -w**3 - 12*w**2 + 20*w - 54. Give u(-14).
58
Let r(z) = -149*z + 23579. What is r(158)?
37
Let i(d) = 413*d**2 + 79706*d - 492. What is i(-193)?
87
Let h(g) = -2577*g + 146844. Give h(57).
-45
Let t(y) = -y**3 - 243*y**2 + 8799*y + 48. What is t(32)?
16
Let d(c) = 4*c**2 + 915*c - 2720. What is d(3)?
61
Let q(t) = -t**3 + 45*t**2 + 186*t - 11487. What is q(43)?
209
Let o(h) = -67*h**3 + 10*h**2 - 14*h + 18. Calculate o(1).
-53
Let k(w) = w**3 + 125*w**2 + 2570*w - 255. Determine k(-99).
141
Let u(k) = -2201*k - 39446. Determine u(-18).
172
Let u(g) = -11210*g - 1659082. What is u(-148)?
-2
Let a(g) = -23*g**2 - 60*g + 2798. Give a(11).
-645
Let l(c) = 2*c**3 - 278*c**2 - 1479*c + 5138. What is l(144)?
-478
Let v(h) = -h**3 - 218*h**2 + 331*h - 23989. Calculate v(-220).
-9
Let u(s) = -15054*s - 1369961. What is u(-91)?
-47
Let v(y) = -y**2 + 70879*y - 283464. Determine v(4).
36
Let a(x) = -67266*x - 739947. Determine a(-11).
-21
Let g(j) = -2*j**3 + 1785*j**2 + 17134*j + 3618. Calculate g(902).
10
Let o(l) = -13803*l - 400301. Calculate o(-29).
-14
Let o(k) = 23*k**3 - 45*k**2 + 138*k - 2. Give o(3).
628
Let z(d) = 1240*d**2 + 27272*d - 168. Determine z(-22).
8
Let b(s) = 84957*s - 1529227. What is b(18)?
-1
Let i(r) = -6*r**2 + 138*r - 68. Determine i(27).
-716
Let s(c) = -c**3 - 15*c**2 + 57*c + 991. Give s(-15).
136
Let k(p) = -p**3 - 8*p**2 + 532*p + 5124. Determine k(-10).
4
Let v(f) = f**2 - 2948*f + 1550166. Give v(685).
11
Let h(m) = m**3 + 9*m**2 - 107*m - 487. What is h(-14)?
31
Let c(y) = -6*y**3 + 56*y**2 - 106*y + 10. What is c(3)?
34
Let q(y) = 54*y**3 + 5454*y**2 - 49*y - 4971. What is q(-101)?
-22
Let l(u) = 12*u**2 - 1633*u - 61869. Give l(167).
88
Let d(o) = -26*o**2 - 1683*o + 336. What is d(-65)?
-119
Let m(v) = 14*v**2 - 2623*v - 7979. Determine m(-3).
16
Let a(l) = 112871*l - 6207911. What is a(55)?
-6
Let p(i) = 1343*i - 151755. Give p(113).
4
Let c(y) = 16758*y + 84106. Determine c(-5).
316
Let k(o) = 3664*o + 36634. Determine k(-10).
-6
Let i(b) = 228*b**3 - 14591*b**2 - 64*b - 1. What is i(64)?
-1
Let x(i) = i**3 + 6*i**2 + 1852*i + 13007. What is x(-7)?
-6
Let m(o) = 307856*o + 7080680. Determine m(-23).
-8
Let t(q) = 593*q + 1403. Give t(-5).
-1562
Let a(w) = -2*w**3 + 323*w**2 - 167*w - 54. Calculate a(161).
-1020
Let d(s) = s**3 - 4*s**2 - 344*s + 1376. What is d(4)?
0
Let r(p) = -22*p**3 + 4331*p**2 + 594*p - 566. What is r(197)?
25
Let l(s) = -9*s**2 + 1636*s + 8395. Give l(-5).
-10
Let g(t) = 6632*t - 20260. Determine g(3).
-364
Let u(b) = 2*b**2 + 172*b + 2700. Calculate u(-54).
-756
Let p(z) = 10*z**3 + 1141*z**2 - 1037*z - 184. Determine p(-115).
46
Let j(w) = 7541*w**2 + 45297*w + 272. What is j(-6)?
-34
Let s(t) = -494*t - 14251. Give s(-29).
75
Let t(d) = 2*d**2 - 80*d + 848. Determine t(21).
50
Let o(r) = 9408*r - 9390. Calculate o(1).
18
Let h(u) = u**2 - 1446*u + 25699. Determine h(18).
-5
Let m(o) = -o**2 + 420*o - 15263. Determine m(40).
-63
Let k(d) = 15*d**2 + 18710*d - 264889. What is k(14)?
-9
Let j(k) = 145597*k - 3. Give j(0).
-3
Let u(c) = c**3 - 11*c**2 - 2*c + 24. Give u(2).
-16
Let s(a) = -a**3 - 34*a**2 + 331*a + 2. Determine s(-42).
212
Let r(x) = -x**2 - 8539*x + 5037529. Cal